{"id":344,"date":"2020-03-29T16:02:55","date_gmt":"2020-03-29T16:02:55","guid":{"rendered":"http:\/\/senzaconfinitrieste.org\/?page_id=344"},"modified":"2025-10-30T10:53:52","modified_gmt":"2025-10-30T10:53:52","slug":"bibliotequa","status":"publish","type":"page","link":"https:\/\/senzaconfinitrieste.org\/index.php\/bibliotequa\/","title":{"rendered":"BibliotEqua"},"content":{"rendered":"<div class=\"wp-block-image\">\n<figure class=\"alignright is-resized\"><img loading=\"lazy\" decoding=\"async\" width=\"300\" height=\"341\" src=\"https:\/\/senzaconfinitrieste.org\/wp-content\/uploads\/2020\/03\/biblio-1.jpg\" alt=\"\" class=\"wp-image-346\" style=\"width:355px;height:404px\" srcset=\"https:\/\/senzaconfinitrieste.org\/wp-content\/uploads\/2020\/03\/biblio-1.jpg 300w, https:\/\/senzaconfinitrieste.org\/wp-content\/uploads\/2020\/03\/biblio-1-264x300.jpg 264w\" sizes=\"auto, (max-width: 300px) 100vw, 300px\" \/><\/figure><\/div>\n\n\n<p>La BibliotEqua \u00e8 uno dei punti lettura della Biblioteca Diffusa di Trieste, un  progetto coordinato dal comune di Trieste che vuole favorire la condivisione e lo scambio dei patrimoni librari, grandi e  piccoli, custoditi  in  molte realt\u00e0 della nostra citt\u00e0. Dal nostro <a aria-label=\" (si apre in una nuova scheda)\" rel=\"noreferrer noopener\" target=\"_blank\" href=\"https:\/\/www.biblioest.it\/SebinaOpac\/query\/bq%20KF_BIBVIRT:tsa$u329?bib=TSAU3&amp;context=catalogo&amp;sort=Anno\">catalogo<\/a> \u00e8 possibile accedere al prestito dei libri della Bibliotequa tramite la tessera  del polo TSA, che \u00e8 gratuita e  pu\u00f2 essere eventualmente richiesta anche presso il nostro punto lettura. La Bibliotequa \u00e8 accessibile negli orari di apertura della Bottega del Mondo.<\/p>\n\n\n\n<p>Seguiteci sui nostri social o iscrivetevi alla newsletter per essere aggiornati!<\/p>\n\n\n\n<h2 class=\"wp-block-heading\">\u201cLa Bottega dei Libri&#8221;<\/h2>\n\n\n\n<figure class=\"wp-block-image size-large\"><img loading=\"lazy\" decoding=\"async\" width=\"819\" height=\"1024\" src=\"https:\/\/senzaconfinitrieste.org\/wp-content\/uploads\/2025\/10\/Book-1-819x1024.jpg\" alt=\"\" class=\"wp-image-953\" srcset=\"https:\/\/senzaconfinitrieste.org\/wp-content\/uploads\/2025\/10\/Book-1-819x1024.jpg 819w, https:\/\/senzaconfinitrieste.org\/wp-content\/uploads\/2025\/10\/Book-1-240x300.jpg 240w, https:\/\/senzaconfinitrieste.org\/wp-content\/uploads\/2025\/10\/Book-1-768x960.jpg 768w, https:\/\/senzaconfinitrieste.org\/wp-content\/uploads\/2025\/10\/Book-1.jpg 1080w\" sizes=\"auto, (max-width: 819px) 100vw, 819px\" \/><\/figure>\n\n\n\n<h2 class=\"wp-block-heading has-text-align-left\">Porta il Fair Trade nella tua scuola: ogni aula pu\u00f2 diventare uno spazio di giustizia e sostenibilit\u00e0!<\/h2>\n\n\n\n<figure class=\"wp-block-image size-large\"><img loading=\"lazy\" decoding=\"async\" width=\"1024\" height=\"726\" src=\"https:\/\/senzaconfinitrieste.org\/wp-content\/uploads\/2025\/09\/percorsi-a-scuola-1024x726.png\" alt=\"\" class=\"wp-image-927\" srcset=\"https:\/\/senzaconfinitrieste.org\/wp-content\/uploads\/2025\/09\/percorsi-a-scuola-1024x726.png 1024w, https:\/\/senzaconfinitrieste.org\/wp-content\/uploads\/2025\/09\/percorsi-a-scuola-300x213.png 300w, https:\/\/senzaconfinitrieste.org\/wp-content\/uploads\/2025\/09\/percorsi-a-scuola-768x545.png 768w, https:\/\/senzaconfinitrieste.org\/wp-content\/uploads\/2025\/09\/percorsi-a-scuola-1536x1090.png 1536w, https:\/\/senzaconfinitrieste.org\/wp-content\/uploads\/2025\/09\/percorsi-a-scuola-1100x780.png 1100w, https:\/\/senzaconfinitrieste.org\/wp-content\/uploads\/2025\/09\/percorsi-a-scuola.png 1748w\" sizes=\"auto, (max-width: 1024px) 100vw, 1024px\" \/><\/figure>\n\n\n\n<p><\/p>\n\n\n\n<p><\/p>\n","protected":false},"excerpt":{"rendered":"<p>La BibliotEqua \u00e8 uno dei punti lettura della Biblioteca Diffusa di Trieste, un progetto coordinato dal comune di Trieste che vuole favorire la condivisione e lo scambio dei patrimoni librari, grandi e piccoli, custoditi in molte realt\u00e0 della nostra citt\u00e0. Dal nostro catalogo \u00e8 possibile accedere al prestito dei libri della Bibliotequa tramite la tessera &hellip; <a href=\"https:\/\/senzaconfinitrieste.org\/index.php\/bibliotequa\/\" class=\"more-link\">Continua a leggere <span class=\"screen-reader-text\">BibliotEqua<\/span> <span class=\"meta-nav\">\t<\/span><\/a><\/p>\n","protected":false},"author":1,"featured_media":0,"parent":0,"menu_order":0,"comment_status":"closed","ping_status":"closed","template":"","meta":{"footnotes":""},"class_list":["post-344","page","type-page","status-publish","hentry"],"_links":{"self":[{"href":"https:\/\/senzaconfinitrieste.org\/index.php\/wp-json\/wp\/v2\/pages\/344","targetHints":{"allow":["GET"]}}],"collection":[{"href":"https:\/\/senzaconfinitrieste.org\/index.php\/wp-json\/wp\/v2\/pages"}],"about":[{"href":"https:\/\/senzaconfinitrieste.org\/index.php\/wp-json\/wp\/v2\/types\/page"}],"author":[{"embeddable":true,"href":"https:\/\/senzaconfinitrieste.org\/index.php\/wp-json\/wp\/v2\/users\/1"}],"replies":[{"embeddable":true,"href":"https:\/\/senzaconfinitrieste.org\/index.php\/wp-json\/wp\/v2\/comments?post=344"}],"version-history":[{"count":16,"href":"https:\/\/senzaconfinitrieste.org\/index.php\/wp-json\/wp\/v2\/pages\/344\/revisions"}],"predecessor-version":[{"id":954,"href":"https:\/\/senzaconfinitrieste.org\/index.php\/wp-json\/wp\/v2\/pages\/344\/revisions\/954"}],"wp:attachment":[{"href":"https:\/\/senzaconfinitrieste.org\/index.php\/wp-json\/wp\/v2\/media?parent=344"}],"curies":[{"name":"wp","href":"https:\/\/api.w.org\/{rel}","templated":true}]}}

<div class="wp-block-image">
<figure class="alignright is-resized"><img loading="lazy" decoding="async" width="300" height="341" src="https://senzaconfinitrieste.org/wp-content/uploads/2020/03/biblio-1.jpg" alt="" class="wp-image-346" style="width:355px;height:404px" srcset="https://senzaconfinitrieste.org/wp-content/uploads/2020/03/biblio-1.jpg 300w, https://senzaconfinitrieste.org/wp-content/uploads/2020/03/biblio-1-264x300.jpg 264w" sizes="auto, (max-width: 300px) 100vw, 300px" /></figure></div>


<p>La BibliotEqua è uno dei punti lettura della Biblioteca Diffusa di Trieste, un  progetto coordinato dal comune di Trieste che vuole favorire la condivisione e lo scambio dei patrimoni librari, grandi e  piccoli, custoditi  in  molte realtà della nostra città. Dal nostro <a aria-label=" (si apre in una nuova scheda)" rel="noreferrer noopener" target="_blank" href="https://www.biblioest.it/SebinaOpac/query/bq%20KF_BIBVIRT:tsa$u329?bib=TSAU3&amp;context=catalogo&amp;sort=Anno">catalogo</a> è possibile accedere al prestito dei libri della Bibliotequa tramite la tessera  del polo TSA, che è gratuita e  può essere eventualmente richiesta anche presso il nostro punto lettura. La Bibliotequa è accessibile negli orari di apertura della Bottega del Mondo.</p>



<p>Seguiteci sui nostri social o iscrivetevi alla newsletter per essere aggiornati!</p>



<h2 class="wp-block-heading">“La Bottega dei Libri&#8221;</h2>



<figure class="wp-block-image size-large"><img loading="lazy" decoding="async" width="819" height="1024" src="https://senzaconfinitrieste.org/wp-content/uploads/2025/10/Book-1-819x1024.jpg" alt="" class="wp-image-953" srcset="https://senzaconfinitrieste.org/wp-content/uploads/2025/10/Book-1-819x1024.jpg 819w, https://senzaconfinitrieste.org/wp-content/uploads/2025/10/Book-1-240x300.jpg 240w, https://senzaconfinitrieste.org/wp-content/uploads/2025/10/Book-1-768x960.jpg 768w, https://senzaconfinitrieste.org/wp-content/uploads/2025/10/Book-1.jpg 1080w" sizes="auto, (max-width: 819px) 100vw, 819px" /></figure>



<h2 class="wp-block-heading has-text-align-left">Porta il Fair Trade nella tua scuola: ogni aula può diventare uno spazio di giustizia e sostenibilità!</h2>



<figure class="wp-block-image size-large"><img loading="lazy" decoding="async" width="1024" height="726" src="https://senzaconfinitrieste.org/wp-content/uploads/2025/09/percorsi-a-scuola-1024x726.png" alt="" class="wp-image-927" srcset="https://senzaconfinitrieste.org/wp-content/uploads/2025/09/percorsi-a-scuola-1024x726.png 1024w, https://senzaconfinitrieste.org/wp-content/uploads/2025/09/percorsi-a-scuola-300x213.png 300w, https://senzaconfinitrieste.org/wp-content/uploads/2025/09/percorsi-a-scuola-768x545.png 768w, https://senzaconfinitrieste.org/wp-content/uploads/2025/09/percorsi-a-scuola-1536x1090.png 1536w, https://senzaconfinitrieste.org/wp-content/uploads/2025/09/percorsi-a-scuola-1100x780.png 1100w, https://senzaconfinitrieste.org/wp-content/uploads/2025/09/percorsi-a-scuola.png 1748w" sizes="auto, (max-width: 1024px) 100vw, 1024px" /></figure>



<p></p>



<p></p>

<p>La BibliotEqua è uno dei punti lettura della Biblioteca Diffusa di Trieste, un progetto coordinato dal comune di Trieste che vuole favorire la condivisione e lo scambio dei patrimoni librari, grandi e piccoli, custoditi in molte realtà della nostra città. Dal nostro catalogo è possibile accedere al prestito dei libri della Bibliotequa tramite la tessera &hellip; <a href="https://senzaconfinitrieste.org/index.php/bibliotequa/" class="more-link">Continua a leggere <span class="screen-reader-text">BibliotEqua</span> <span class="meta-nav">	</span></a></p>
